igit of b(i)?
2
Let u = 3905 + -2159. What is the tens digit of u?
4
Let k(j) be the third derivative of -17*j**4/6 + 2*j**3 - 7*j**2. Let z be k(-9). What is the tens digit of z/40 + 2/5?
1
Let s(k) = 7*k**2 + k - 6. What is the units digit of s(4)?
0
Suppose 2*l - 10 - 8 = 0. Suppose 0 = -l*u + 4*u - 45. Let v = u + 18. What is the units digit of v?
9
Let y(i) = 513*i + 10. What is the tens digit of y(2)?
3
Suppose 3060 + 1716 = 3*l. What is the thousands digit of l?
1
Suppose g + 3*o = 0, -4*g - 4*o = -7*g + 13. Suppose g*z - 5*a = -0*a + 311, 0 = -5*a + 25. What is the tens digit of z?
1
What is the units digit of -4 - 1 - (-10 - 504)?
9
Suppose -441 = -4*a + 991. Let w = -213 + a. What is the hundreds digit of w?
1
Let h(y) = y + 3. Let u = -13 - -7. Let x be h(u). What is the units digit of (x/2)/((-30)/160)?
8
Let p = 7 + -39. What is the tens digit of -3*p/(-36)*-48?
2
Let t(w) = w**3 - w**2 + w + 6. Suppose 0 = 26*s - 30*s. What is the units digit of t(s)?
6
Suppose 74640 + 4480 = 23*v. What is the tens digit of v?
4
Let c(i) = -8*i - 17. Let g be c(9). What is the units digit of 2 - (-1 + (g - 2) + 1)?
3
Let d be 22/((-2)/(-4)*4). Suppose -d*t = -689 - 510. What is the hundreds digit of t?
1
Let d be (3 - -2) + (-6)/6. Suppose 3*x + 0*h - 768 = 3*h, d*x - 1042 = -2*h. What is the units digit of x?
9
What is the hundreds digit of (-3964)/(-2 + (7 - 9))?
9
Suppose -52 = -2*u - 18. Suppose -2*l = 3*l. Suppose -2*o + u + 5 = l. What is the units digit of o?
1
Suppose 0 = -5*t - 871 - 2599. Let g = -483 - t. What is the hundreds digit of g?
2
Let d(t) = -t**2 - 9*t - 12. Let u be d(-6). Let r be u/4*1040/24. Suppose -j = -5*q + 6 - 1, 3*j + q - r = 0. What is the units digit of j?
0
Let t be (62/(-10))/((-24)/240) - -4. Suppose -2*w = w, 5*w = -3*l + 111. Let a = t - l. What is the tens digit of a?
2
Let r(y) be the second derivative of 23*y**3/6 + 7*y**2 - 8*y. What is the units digit of r(5)?
9
Let f = 22 + -21. What is the tens digit of (67 - (0 + -1)) + -1 + f?
6
Let p(i) = -i**3 - 6*i**2 + 22*i + 5. What is the hundreds digit of p(-11)?
3
Let c(f) = 2*f - 9. Let d = 19 - 5. Suppose -22 - d = -4*m. What is the units digit of c(m)?
9
Let b(h) = -48*h + 6. Let j be (-26)/143 - 20/11. What is the tens digit of b(j)?
0
Let g(l) = 118*l**2 - l + 6. What is the units digit of g(2)?
6
Let t(o) = -25*o + 10 - 2 - o. What is the tens digit of t(-5)?
3
Suppose -g + 2*g + 5*n - 24 = 0, 36 = 4*g + 5*n. What is the tens digit of g - -2*(0 - -31)?
6
Let a = -974 - -1627. What is the hundreds digit of a?
6
Let g(w) = w**2 + 7*w + 4. Let q(h) = h**2 + 8*h + 3. Let d(t) = 6*g(t) - 5*q(t). What is the units digit of d(-4)?
7
Let v(j) = 32*j**3 - 3*j**2 + 4*j - 7. What is the tens digit of v(2)?
4
Let y = 1 + 26. Suppose 2*f + 33 = -2*f + 3*x, x = 4*f + y. What is the units digit of (3/(-2))/(f/8)?
2
Let w(a) = a**2 + a + 5. Suppose 4*n - 3*n = 0. Let m be w(n). Suppose 2*o - 118 = -3*r, m*o + 5 = -0*o. What is the tens digit of r?
4
Suppose -81 - 39 = -5*t. What is the units digit of (-2)/3 - (-520)/t?
1
Suppose 28 = 4*k + 3*j - 12, -2*k + 42 = -4*j. Let q = k - 10. Suppose q*u - 80 = u. What is the units digit of u?
0
Suppose -7*m - 27 = -2*m - 3*r, 0 = 4*m - 2*r + 22. Let i(g) = -g**3 - 7*g**2 - 8*g - 9. Let k be i(m). Let z(w) = 3*w + 2. What is the tens digit of z(k)?
1
Let f(q) = q**2 + 5*q - 9. Let r be f(-7). Suppose r*h + 0 - 260 = 0. What is the units digit of h?
2
Suppose 0 = 5*o - 20. Suppose -q + o*s = 6, -5*s + 21 - 5 = 3*q. Suppose -2*b - 142 = -q*m + b, -5*m + 3*b = -373. What is the units digit of m?
7
Suppose 573 + 1647 = 5*c. Suppose -c = 7*y - 1207. What is the hundreds digit of y?
1
What is the hundreds digit of 2/(5/(-32825)*-5)?
6
Suppose 24*q + 35 = 31*q. Suppose -7*s - 2*f + 248 = -2*s, 0 = q*s + f - 244. What is the tens digit of s?
4
Let l = 230 + 1015. What is the hundreds digit of l?
2
Let v(g) = 8*g**3 - 3*g**2 + 2*g - 1. Let d be v(1). Let s(t) = t**2 + 7*t - 11. What is the units digit of s(d)?
7
Let f(w) = 17*w - 8. Let j be f(8). Suppose 0 = -27*d + 31*d - j. What is the tens digit of d?
3
Suppose 0 = -2*u + 116 + 148. Suppose 9*a - 11*a = -u. What is the tens digit of a?
6
Let n(o) = -18*o + 65. What is the tens digit of n(-13)?
9
Suppose 3*u + 62 = -b, 4*u + 3*b + 35 + 46 = 0. What is the units digit of (3 - (-92)/28)/((-6)/u)?
2
Suppose i + 2*k - 1469 = 0, -7372 = -5*i + 11*k - 12*k. What is the thousands digit of i?
1
Suppose 3*c = -0*y - y - 10, -5*c = 5*y. Let m be (-4)/c*(-10)/(-4). Suppose -5 = m*g - 25. What is the units digit of g?
0
Let u = -31 - -63. Let z = u + -29. Suppose 0*g - z*g + 75 = 0. What is the units digit of g?
5
Let v(p) = -p**2 + 10*p - 1. Let t be v(10). Let k be (3/(t - -2))/3. Let x(b) = 23*b - 2. What is the units digit of x(k)?
1
Let o(s) be the third derivative of -s**6/40 + s**4/24 + s**3/6 - s**2. Let u be o(-1). Let f(g) = -g**3 + 3*g**2 + 2*g - 1. What is the units digit of f(u)?
5
Suppose -2*o - 5122 = -6*o + 3*y, -4*o + 5106 = 5*y. What is the thousands digit of o?
1
Let j(a) = a**3 - 7*a**2 - 9*a + 9. Let q be j(8). Suppose q + 0 = y. What is the tens digit of 1*(2 + 11/y)?
1
Suppose 27*n - 748 = 25*n. What is the units digit of n?
4
Suppose 5*t + 68 = 6*t. Let g = 95 - t. What is the units digit of g?
7
Let l(p) = -p**3 + 7*p**2 + p - 10. Let g be l(7). Let u be 3 - 2*3/g. What is the units digit of 38 - (u + -4)*3?
5
Let a be 24 - ((-1)/5 - 18/10). Suppose 2*f - 24 - a = 0. What is the tens digit of f?
2
Let d be (90/(-12))/(3/(-2)). Suppose -992 = -d*w - g, 0 = -2*w - 3*g - 2*g + 383. What is the units digit of w?
9
Let f = -982 + 2375. What is the units digit of f?
3
Suppose -9*v + 11*v - 324 = 0. Suppose s = -5*s + v. What is the tens digit of s?
2
Suppose 5*u + 5*x - 9*x - 1686 = 0, 5*x - 1019 = -3*u. What is the units digit of u?
8
Let a(m) = -m**3 - 5*m**2 + 7*m - 9. Suppose -2 = 3*v + 16. Let u be a(v). Let c = 28 + u. What is the tens digit of c?
1
Let c = 1474 + -889. What is the hundreds digit of c?
5
Suppose -34*w + 9072 = -28*w. What is the thousands digit of w?
1
Let r = 206 - -355. What is the tens digit of r?
6
Suppose 0 = 4*p - 12*p + 1096. What is the hundreds digit of p?
1
Let u be (-8)/(-6) - (-74)/3. Suppose w - 16 = u. What is the tens digit of w?
4
Let i(f) = -6*f - 4. Let j(d) = 2*d + 1. Let g(b) = -6*i(b) - 17*j(b). Let t(z) = -z**3 - 10*z**2 - 9*z + 7. Let a be t(-9). What is the units digit of g(a)?
1
Suppose 1574 - 7951 = -z + 3*a, -31925 = -5*z - 5*a. What is the hundreds digit of z?
3
Let f(w) = w**3 + 8*w**2 - 3*w + 1. Let z be f(-8). Suppose 0 = -m - 15 + z. What is the units digit of m?
0
Let c(r) be the first derivative of -r**4/4 + 3*r**2/2 + 3*r + 11. Let g be c(-2). Suppose 3*v - 9 = 3*k - 6*k, -4*v = -g*k - 3. What is the units digit of k?
1
Suppose -9*u = -7*u - 6. Suppose 4*o + 18 = -y, 0 = 4*y - u*o - 23. Suppose 41 = y*r - 5. What is the tens digit of r?
2
Let c = -866 - -1771. What is the units digit of c?
5
What is the units digit of -6 - (14/35 + (-2242)/5)?
2
Let p(q) = -2*q**3 - 5*q**2 - 3*q + 1. Let u be p(-3). Let v = u - 17. Let y = 6 - v. What is the units digit of y?
4
Suppose 7*i - 324 = 278. Suppose -c + v + v = -i, -2*v = 8. What is the tens digit of c?
7
Suppose 0 = -2*u + 257 + 153. Let k(o) = -9*o - 60. Let s be k(-7). Suppose 2*f - u = -s*f. What is the units digit of f?
1
Suppose 2*f - 2*k - 10 = -2, -k - 11 = -2*f. Let y = f + -9. What is the units digit of (-2 + y)*20/(-4)?
0
Suppose 0 = 6*x - 758 - 1402. Suppose -2*w + x = 6*w. What is the units digit of w?
5
Let n(l) = 8*l + 3*l - 1 - 2 + 1. What is the units digit of n(2)?
0
Suppose -26 = 18*g + 10. Let n(w) = -w**3 - w - 1. Let l be n(0). Let o = l - g. What is the units digit of o?
1
Suppose -3*s + 971 - 230 = 0. What is the units digit of s?
7
What is the units digit of (-4)/(-6) + 577150/255?
4
Let v(m) = 3*m**2 + 13*m - 22. What is the units digit of v(-11)?
8
Let p(z) = -4*z + 2. Let m be p(5). Let t = -5 + -3. Let a = t - m. What is the tens digit of a?
1
Let m = 7 - -11. Let x be -5*(-2 + m/15). Suppose 4*t - x*n = 104, -3*t = -0*t + 5*n - 110. What is the tens digit of t?
3
Suppose -p = p - 20. Let d be p/(-1)*(-1 + -1). Suppose 3*s - d = 1. What is th